5270
In base 13, what is 4a - -61?
ab
In base 6, what is 1 + 1003205?
1003210
In base 8, what is 453703 + -3?
453700
In base 5, what is 113201 + -4?
113142
In base 14, what is -19a9 - 1c?
-19c7
In base 4, what is 2000100320 - 0?
2000100320
In base 6, what is 213103432 + -4?
213103424
In base 3, what is 1001 + -111011022?
-111010021
In base 5, what is -20104343 - -1?
-20104342
In base 16, what is -3 - -5ec36?
5ec33
In base 11, what is -111 + 1152?
1041
In base 4, what is -10330010312 - -3?
-10330010303
In base 14, what is 5007 - 1b2?
4c35
In base 14, what is -1 - -7031?
7030
In base 8, what is -1117 - -3232?
2113
In base 12, what is 229a14 - 1?
229a13
In base 16, what is -577 + -449?
-9c0
In base 4, what is -20 + -1023223230?
-1023223310
In base 10, what is 5 + 7844?
7849
In base 12, what is -a9 - -4478?
438b
In base 8, what is -444501 - 1?
-444502
In base 2, what is 11100101 + 101011?
100010000
In base 7, what is -104 + 15423?
15316
In base 12, what is 1 + -65509?
-65508
In base 10, what is 883 + 7988?
8871
In base 6, what is -145403 - 0?
-145403
In base 10, what is 10921 - 10?
10911
In base 13, what is -4 + a657?
a653
In base 16, what is -504a2 - b?
-504ad
In base 2, what is -1000111011 + 110110?
-1000000101
In base 15, what is 940c - 1?
940b
In base 10, what is -209 + 897?
688
In base 4, what is 302330 + 303?
303233
In base 6, what is -204524 + 3?
-204521
In base 9, what is -288 - -5128?
4730
In base 9, what is 0 - -4343?
4343
In base 11, what is -43 - 3381?
-3414
In base 6, what is -13 + -40113?
-40130
In base 14, what is -86d + -27?
-896
In base 16, what is 3 - -184d7b?
184d7e
In base 9, what is 446 - 342?
104
In base 10, what is 1248078 - 2?
1248076
In base 11, what is 12 + 19996?
199a8
In base 7, what is 1540614 - 4?
1540610
In base 8, what is 3541 - -1560?
5321
In base 5, what is 432210 + 141?
432401
In base 14, what is -52d9 - 4?
-52dd
In base 16, what is -11 + 9613?
9602
In base 2, what is -101000001 + 10111110101?
10010110100
In base 8, what is 4 + -400322?
-400316
In base 5, what is -1323414 + 10?
-1323404
In base 12, what is a8 + 474?
560
In base 4, what is 0 - -23212031?
23212031
In base 9, what is -64 + -7223?
-7287
In base 7, what is 13452 + 20?
13502
In base 2, what is 1000101000000 - -11110?
1000101011110
In base 4, what is -3202 + 2302?
-300
In base 10, what is 0 + 209675?
209675
In base 16, what is 91fb - 7?
91f4
In base 4, what is 0 + -1003012131?
-1003012131
In base 3, what is 12120011 - -11001?
12201012
In base 9, what is 7 + -8056?
-8048
In base 12, what is 358886 - -4?
35888a
In base 11, what is 50 - 3156?
-3106
In base 4, what is -11 + 2231132?
2231121
In base 14, what is -289 + -9c6?
-c71
In base 2, what is -111011100010 - 110101?
-111100010111
In base 11, what is 4029 - -23?
4051
In base 6, what is -423100 - -3?
-423053
In base 5, what is -1 - -110301?
110300
In base 11, what is -23 - -7020?
6aa8
In base 12, what is 1 - -5489?
548a
In base 3, what is -201 - 11221212?
-11222120
In base 14, what is -3 - 176744?
-176747
In base 7, what is -5 - 23266?
-23304
In base 4, what is -10 - 11003220?
-11003230
In base 16, what is 5 + -25ed1?
-25ecc
In base 11, what is -2053 + -3?
-2056
In base 12, what is 15a6 - 2?
15a4
In base 5, what is 223231 + 1142?
224423
In base 2, what is 11 - 1010100110011010?
-1010100110010111
In base 11, what is 19a - 123?
77
In base 5, what is 2 + 23131203?
23131210
In base 9, what is -1012 - -1337?
325
In base 10, what is -4 + -762040?
-762044
In base 15, what is 22 - -10ea?
111c
In base 2, what is 1001010100111 - 1100010?
1001001000101
In base 14, what is -1183b + -3?
-11840
In base 16, what is ba - 7f?
3b
In base 2, what is 1110000100010 - 10101111?
1101101110011
In base 12, what is 198b9 - -24?
19921
In base 14, what is -28 - -3c51?
3c27
In base 6, what is 14 - -313003?
313021
In base 16, what is 5970 + 8?
5978
In base 4, what is 2231031 + 3?
2231100
In base 16, what is ee71 - -3?
ee74
In base 12, what is -7 + -518?
-523
In base 7, what is -402 - 31124?
-31526
In base 5, what is 23 - -141303?
141331
In base 5, what is -113 + 13330001?
13324333
In base 15, what is 192933 - 1?
192932
In base 12, what is 7357a - 3?
73577
In base 3, what is -11121 + 1102202?
1021011
In base 8, what is 216015 + -1?
216014
In base 6, what is 20255 - -405?
21104
In base 3, what is 122111202 - 12?
122111120
In base 15, what is -91268 + -3?
-9126b
In base 2, what is -100 + -101110000?
-101110100
In base 8, what is -2 + 44276?
44274
In base 8, what is 73 + -11706?
-11613
In base 11, what is -19301 - -17?
-19295
In base 7, what is -5 + -120265?
-120303
In base 3, what is 21 + 21120101220?
21120102011
In base 7, what is 30 - -120454?
120514
In base 11, what is -90 + 336?
256
In base 6, what is 122431 - -135?
123010
In base 3, what is -2221000100 + 21?
-2221000002
In base 8, what is 735 + 7316?
10253
In base 5, what is 4 + 324121230?
324121234
In base 15, what is 1d - -1697?
16b5
In base 5, what is -10 - -104403?
104343
In base 10, what is -6805 + 6?
-6799
In base 16, what is -1 - 25c9?
-25ca
In base 9, what is 5 + 274542?
274547
In base 6, what is -231530 - 4?
-231534
In base 15, what is -3c19 - b?
-3c25
In base 12, what is -1430537 - 3?
-143053a
In base 8, what is -3451 + 12?
-3437
In base 2, what is -11 + 101101110101111?
101101110101100
In base 8, what is -631 - -5?
-624
In base 8, what is -5 - -202317?
202312
In base 16, what is 2012 - -4?
2016
In base 10, what is 3 + -1149955?
-1149952
In base 15, what is -8 - -3de?
3d6
In base 12, what is b2 + 1b10?
2002
In base 12, what is 29352 - -3?
29355
In base 5, what is 3004101 + -130?
3003421
In base 5, what is -10332 + 20031?
4144
In base 6, what is 1050431 + 4?
1050435
In base 10, what is -1659 + -78?
-1737
In base 14, what is ac + 237?
305
In base 11, what is -11 - -17?
6
In base 10, what is 8929 - 0?
8929
In base 8, what is 220222 - 5?
220215
In base 15, what is c - 209?
-1ec
In base 7, what is 4 - 2043436?
-2043432
In base 6, what is 2143031 - 3?
2143024
In base 13, what is -4c7b - 1?
-4c7c
In base 12, what is b - 2755?
-2746
In base 3, what is 10101201 + 202?
10102110
In base 5, what is 3 - -31330341?
31330344
In base 7, what is -22441001 + 2?
-22440666
In base 13, what is 47 + -1562?
-1518
In base 14, what is 28 - 7b7?
-78d
In base 13, what is -4 - -6c0c?
6c08
In base 16, what is -44 - 1b4?
-1f8
In base 14, what is -610d5 + 4?
-610d1
In base 9, what is -268 - 1431?
-1710
In base 6, what is -45521 + -5?
-45530
In base 2, what is -11110100 - -1011111001?
1000000101
In base 9, what is 54 - 1354?
-1300
In base 6, what is 451542 + -4?
451534
In base 12, what is -41405 + -5?
-4140a
In base 7, what is -210 + -2536?
-3046
In base 13, what is 3 + -2841?
-283b
In base 7, what is 5 + -5506?
-5501
In base 4, what is 232012 - 210?
231202
In base 8, what is 430 + 67610?
70240
In base 2, what is -100110100000000 - 1010?
-100110100001010
In base 12, what is 2 + 29b96?
29b98
In base 10, what is -2 - 140827?
-140829
In base 8, what is 25535 - -1?
25536
In base 2, what is 11110100 - 11110?
11010110
In base 15, what is -c25 - -29b?
-979
In base 12, what is 85 - -30a8?
3171
In base 9, what is 66331 - 3?
66327
In base 13, what is 22033 + -1?
22032
In base 8, what is -42 + -7753?
-10015
In base 8, what is 124552 + 17?
124571
In base 7, what is 3 + 5304?
5310
In base 15, what is -1304 - 28?
-132c
In base 14, what is 7 - 3c106?
-3c0dd
In base 15, what is b5 + -2ca?
-215
In base 3, what is 2202211122111 + -12?
2202211122022
In base 7, what is 24230 + -2?
24225
In base 5, what is -3 - -10443440?
10443432
In base 12, what is -39247 - -2?
-39245
In base 12, what is 22 + 898?
8ba
In base 15, what is 4d99 + d?
4da7
In base 6, what is 4354243 - -2?
4354245
In base 7, what is 5033044 - -1?
5033045
In base 15, what is -2078c - 5?
-20792
In base 14, what is 87 + 7d?
126
In base 13, what is -10 + b264?
b254
In base 12, what is -a + -18908?
-18916
In base 8, what is -75434 + -1?
-75435
In base 10, what is -16586 - -13?
-16573
In base 11, what is 6 - 2aaa?
-2aa4
In base 6, what is 2 - 1504321?
-1504315
In base 13, what is -a6c1 + 36?
-a688
In base 15, what is -22a4 + 4e?
-2255
In base 6, what is 2 + 341324?
341330
In base 15, what is 9bca - -2?
9bcc
In base 6, what is -500133 + -10?
-500143
In base 5, wh